 by 20?
19
Calculate the remainder when 1034 is divided by 28.
26
Calculate the remainder when 624 is divided by 128.
112
What is the remainder when 239 is divided by 40?
39
Calculate the remainder when 886 is divided by 46.
12
What is the remainder when 2499 is divided by 125?
124
Calculate the remainder when 94 is divided by 25.
19
What is the remainder when 339 is divided by 32?
19
What is the remainder when 214 is divided by 34?
10
What is the remainder when 914 is divided by 35?
4
Calculate the remainder when 29 is divided by 8.
5
What is the remainder when 155 is divided by 57?
41
Calculate the remainder when 68 is divided by 16.
4
What is the remainder when 6358 is divided by 74?
68
What is the remainder when 269 is divided by 10?
9
What is the remainder when 277 is divided by 46?
1
What is the remainder when 836 is divided by 4?
0
Calculate the remainder when 6207 is divided by 54.
51
Calculate the remainder when 93 is divided by 22.
5
Calculate the remainder when 45 is divided by 14.
3
What is the remainder when 1486 is divided by 48?
46
Calculate the remainder when 369 is divided by 83.
37
What is the remainder when 302 is divided by 147?
8
Calculate the remainder when 500 is divided by 61.
12
Calculate the remainder when 130 is divided by 25.
5
Calculate the remainder when 20638 is divided by 30.
28
What is the remainder when 141 is divided by 51?
39
What is the remainder when 5477 is divided by 11?
10
What is the remainder when 175 is divided by 16?
15
What is the remainder when 44 is divided by 23?
21
What is the remainder when 30080 is divided by 37?
36
Calculate the remainder when 1251 is divided by 105.
96
Calculate the remainder when 2894 is divided by 322.
318
Calculate the remainder when 1126 is divided by 42.
34
Calculate the remainder when 620 is divided by 27.
26
Calculate the remainder when 527 is divided by 176.
175
What is the remainder when 642 is divided by 77?
26
What is the remainder when 747 is divided by 34?
33
Calculate the remainder when 2017 is divided by 47.
43
What is the remainder when 411 is divided by 18?
15
What is the remainder when 2799 is divided by 175?
174
Calculate the remainder when 35510 is divided by 184.
182
Calculate the remainder when 94 is divided by 20.
14
What is the remainder when 5711 is divided by 204?
203
What is the remainder when 915 is divided by 281?
72
What is the remainder when 1005 is divided by 304?
93
Calculate the remainder when 60 is divided by 18.
6
What is the remainder when 2156 is divided by 30?
26
Calculate the remainder when 139 is divided by 93.
46
What is the remainder when 111 is divided by 51?
9
Calculate the remainder when 575 is divided by 197.
181
What is the remainder when 104 is divided by 79?
25
What is the remainder when 1439 is divided by 20?
19
What is the remainder when 380 is divided by 96?
92
What is the remainder when 649 is divided by 131?
125
Calculate the remainder when 41 is divided by 16.
9
Calculate the remainder when 48455 is divided by 12.
11
What is the remainder when 258 is divided by 99?
60
Calculate the remainder when 4002 is divided by 89.
86
What is the remainder when 150 is divided by 51?
48
What is the remainder when 1999 is divided by 397?
14
What is the remainder when 1516 is divided by 127?
119
What is the remainder when 1057 is divided by 187?
122
Calculate the remainder when 60 is divided by 9.
6
What is the remainder when 17 is divided by 12?
5
What is the remainder when 459 is divided by 10?
9
What is the remainder when 274 is divided by 40?
34
What is the remainder when 27 is divided by 22?
5
Calculate the remainder when 52 is divided by 3.
1
Calculate the remainder when 286 is divided by 24.
22
What is the remainder when 1011 is divided by 258?
237
What is the remainder when 1779 is divided by 430?
59
Calculate the remainder when 223 is divided by 22.
3
Calculate the remainder when 2446 is divided by 51.
49
Calculate the remainder when 252 is divided by 163.
89
What is the remainder when 413 is divided by 136?
5
What is the remainder when 6 is divided by 5?
1
What is the remainder when 284 is divided by 91?
11
What is the remainder when 251 is divided by 129?
122
What is the remainder when 221 is divided by 6?
5
Calculate the remainder when 2021 is divided by 92.
89
Calculate the remainder when 3089 is divided by 103.
102
Calculate the remainder when 491 is divided by 29.
27
What is the remainder when 197 is divided by 55?
32
Calculate the remainder when 195 is divided by 93.
9
Calculate the remainder when 459 is divided by 23.
22
Calculate the remainder when 16 is divided by 10.
6
Calculate the remainder when 10618 is divided by 5.
3
Calculate the remainder when 124 is divided by 19.
10
Calculate the remainder when 93 is divided by 16.
13
Calculate the remainder when 415 is divided by 68.
7
Calculate the remainder when 4089 is divided by 10.
9
What is the remainder when 4069 is divided by 43?
27
What is the remainder when 1240 is divided by 54?
52
Calculate the remainder when 58 is divided by 16.
10
What is the remainder when 163 is divided by 33?
31
Calculate the remainder when 5484 is divided by 3.
0
What is the remainder when 613 is divided by 127?
105
Calculate the remainder when 9 is divided by 2.
1
Calculate the remainder when 155 is divided by 37.
7
Calculate the remainder when 354 is divided by 92.
78
Calculate the remainder when 529 is divided by 107.
101
Calculate the remainder when 103 is divided by 58.
45
What is the remainder when 9877 is divided by 89?
87
What is the remainder when 949 is divided by 285?
94
What is the remainder when 136 is divided by 35?
31
Calculate the remainder when 44 is divided by 13.
5
Calculate the remainder when 3334 is divided by 111.
4
What is the remainder when 74 is divided by 15?
14
Calculate the remainder when 72 is divided by 17.
4
What is the remainder when 414 is divided by 190?
34
What is the remainder when 127 is divided by 8?
7
What is the remainder when 1189 is divided by 61?
30
What is the remainder when 470 is divided by 11?
8
What is the remainder when 1472 is divided by 9?
5
Calculate the remainder when 3029 is divided by 1008.
5
What is the remainder when 575 is divided by 16?
15
What is the remainder when 945 is divided by 159?
150
What is the remainder when 71 is divided by 8?
7
What is the remainder when 510 is divided by 47?
40
What is the remainder when 82 is divided by 56?
26
Calculate the remainder when 29967 is divided by 10.
7
What is the remainder when 223 is divided by 104?
15
Calculate the remainder when 39 is divided by 8.
7
Calculate the remainder when 121 is divided by 64.
57
Calculate the remainder when 169 is divided by 76.
17
What is the remainder when 86 is divided by 26?
8
Calculate the remainder when 53 is divided by 8.
5
Calculate the remainder when 148 is divided by 19.
15
What is the remainder when 1273 is divided by 75?
73
Calculate the remainder when 591 is divided by 120.
111
What is the remainder when 126 is divided by 51?
24
Calculate the remainder when 109 is divided by 59.
50
What is the remainder when 48 is divided by 39?
9
Calculate the remainder when 103 is divided by 29.
16
What is the remainder when 3493 is divided by 41?
8
What is the remainder when 41 is divided by 24?
17
What is the remainder when 250 is divided by 82?
4
Calculate the remainder when 139 is divided by 49.
41
What is the remainder when 1077 is divided by 24?
21
What is the remainder when 390 is divided by 132?
126
Calculate the remainder when 894 is divided by 257.
123
What is the remainder when 502 is divided by 30?
22
Calculate the remainder when 1596 is divided by 389.
40
What is the remainder when 140 is divided by 9?
5
Calculate the remainder when 1985 is divided by 511.
452
What is the remainder when 9257 is divided by 47?
45
Calculate the remainder when 476 is divided by 162.
152
What is the remainder when 2949 is divided by 230?
189
Calculate the remainder when 572 is divided by 157.
101
What is the remainder when 2329 is divided by 45?
34
Calculate the remainder when 118 is divided by 21.
13
What is the remainder when 1243 is divided by 31?
3
Calculate the remainder when 6069 is divided by 44.
41
Calculate the remainder when 183 is divided by 75.
33
Cal